5, 13
Let t = 44 - 4. Suppose 0 = 3*n - t + 10. List the prime factors of n.
2, 5
Let n(h) be the first derivative of h**5/4 - h**4/12 + h**3/6 - 3*h**2/2 + 1. Let y(k) be the second derivative of n(k). What are the prime factors of y(1)?
2, 7
Let u be (-1)/2*(-1 + 1). Suppose 3*g = -u*g + 45. List the prime factors of g.
3, 5
Let c = -23 + 32. What are the prime factors of c?
3
Suppose -y + 8 = 3*y. Suppose 0 = -y*a - 3*p + 12, a + 6 = 3*p + 3. What are the prime factors of (10/4)/(a/6)?
5
Let n(f) = -2*f. What are the prime factors of n(-6)?
2, 3
Suppose 8 = -0*s - 2*s + 4*q, s + 4*q - 2 = 0. Suppose 2*z = -6*w + w + 20, -4*w + 3 = -z. List the prime factors of (-1)/s - (-5)/w.
3
Let v(z) = -z**2 + 4*z + 8. Let d be v(7). Let h = d - -24. Suppose 3*f - h = 2*f. What are the prime factors of f?
11
What are the prime factors of -4*(-2586)/96 + (-1)/(-4)?
2, 3
Let h(z) = 2*z**3 - 14*z**2 + 7*z + 11. List the prime factors of h(7).
2, 3, 5
Let f(m) = -m. Let v be f(-4). Suppose -b + 4*z + 16 = 0, 6*b - 2*z - 22 = 2*b. Suppose c = b*i - c + 2, -c = v*i - 13. What are the prime factors of i?
2
Suppose 0 = -4*i - 4, 5*c - 8*c + 5*i + 902 = 0. What are the prime factors of c?
13, 23
Let g = 90 + -42. List the prime factors of g.
2, 3
Suppose 3*l = 9 + 6. Suppose -12 = -8*k + l*k. Suppose 2*f + 34 = 4*z - 2*z, k*f = -20. List the prime factors of z.
2, 3
Suppose 3 = p, 197 = 2*g - p - 472. List the prime factors of g.
2, 3, 7
List the prime factors of (10/(-3))/((-4)/42).
5, 7
Suppose -3*f - 2*r - r = -6, 4*f + 2 = r. What are the prime factors of (-3)/(-6)*38 - f?
19
List the prime factors of (2/2)/((-2)/(-100)).
2, 5
Suppose 0 - 10 = 3*h - 2*d, -h - 4*d = 8. Let w = 4 - h. List the prime factors of w.
2
Let s(i) = 2*i - 3. Let z be s(3). Let g be 6/z*34/4. Suppose -2*f - g = -4*f + c, 4*f + 2*c = 54. What are the prime factors of f?
11
Let j(c) = -5*c**3 - 19*c**2 - 23*c + 7. Let o(y) = y**3 + 5*y**2 + 6*y - 2. Let a(s) = -2*j(s) - 9*o(s). Let f = 7 + 1. List the prime factors of a(f).
2
Let b(i) = 6*i**2 - i**2 - 8*i + 3 - 6*i**2. Let c(r) = r**2 + r - 8. Let p be c(0). List the prime factors of b(p).
3
Let a = -1 - -37. What are the prime factors of a?
2, 3
Let z be (-2)/(-6)*(3 - 0). Suppose -h + 2 = -z. What are the prime factors of h?
3
Let a(w) = 8*w - 15. List the prime factors of a(7).
41
Let q(p) = -p**3 - 4*p**2 + 9*p + 3. List the prime factors of q(-8).
11, 17
Let d = -57 - -395. What are the prime factors of d?
2, 13
Let n(y) be the second derivative of -y**3/6 - y**2/2 - 4*y. Let g be n(-7). Let f = 12 - g. What are the prime factors of f?
2, 3
Let r(z) = -z**3 + z**2 + 5*z - 3. Let a be r(-4). Suppose x + 0*x - 3*f - a = 0, 2*f = -2*x + 98. List the prime factors of x.
3, 17
Let z = 49 - 19. What are the prime factors of z?
2, 3, 5
Let w = 9 - 1. Let f(b) = -3*b**3 - 7*b**2 - 10*b - 10. Let y(c) = c**3 + c + 1. Let i(k) = f(k) + 4*y(k). List the prime factors of i(w).
2, 5
Suppose -5*h + 38 = 3*a, 4*a + 2*h - 7 = 25. Let c(d) = d + 6. Let x be c(a). Suppose 5*n = -5*g + 45 + 25, 2*g = 2*n + x. List the prime factors of g.
2, 5
Suppose -5*j + 11 = 41. What are the prime factors of -36*(21/j - -3)?
2, 3
Let h(k) = k**3 + 9*k**2 - 3*k + 7. What are the prime factors of h(-9)?
2, 17
Suppose 0 = 3*c - 4*c + 16. Suppose -z - 3*p + 13 = 0, -3 + c = 5*z + 2*p. What are the prime factors of z - -1 - (-15)/3?
7
Suppose 3*z + 15 = 3*a, -5*z - 1 = 2*a - 4. Let h be -8 - (0/z)/2. What are the prime factors of 24/2*(-6)/h?
3
Let i = 4 + -4. Suppose i = 5*r - 3 - 97. Suppose 3*y - 18 = -3*l, -3*y + r = 3*l + l. List the prime factors of l.
2
Let k = -2 - -5. Suppose -2*n - 5*a - 17 = -k*n, -5*a = 15. Suppose n*g - 3*l - 2 = -l, 0 = -3*g + 5*l + 1. List the prime factors of g.
2
Let f(b) = -b**3 + 2*b**2 + 3*b + 3. Let y be f(3). Suppose 0 = -8*g + y*g + 70. What are the prime factors of g?
2, 7
Let k(o) = 3*o + 6. Let v be k(-7). What are the prime factors of (0 + v/(-6))*2?
5
List the prime factors of 3/((15/(-20))/(70/(-8))).
5, 7
Suppose -z + 3*s = z - 11, 0 = z + 3*s - 1. Let u(m) = z + 1 + m - 4 + 7*m**2. List the prime factors of u(-1).
7
Let q = 45 - -91. What are the prime factors of q?
2, 17
Suppose -v - m + 50 + 0 = 0, 2*m - 10 = 0. What are the prime factors of v?
3, 5
Suppose -2*b + 4 = -0*b. What are the prime factors of (3/(-3))/(b/(-34))?
17
Suppose 2*n + 34 = n + 5*s, 3*n + 70 = -s. What are the prime factors of 77/5 + n/(-40)?
2
Suppose h + 1 - 3 = 0. Suppose 0*c - 30 = -h*c. What are the prime factors of c?
3, 5
List the prime factors of 107 - (0 - (4/1)/4).
2, 3
Suppose -2*c + o - 11 = -0*o, -2*o = 2*c - 4. Let z = c + 6. What are the prime factors of z?
3
Suppose 5*x - 4 = x, d - 35 = -4*x. Suppose 0*r + 4*r = -3*c + 71, 3*c = -2*r + d. What are the prime factors of r?
2, 5
Let s = -75 + 146. List the prime factors of s.
71
Let a(n) = n**3 - n**2 - 2*n - 4. Let m = 11 - 8. What are the prime factors of a(m)?
2
Suppose s + 0*s - 2 = 0. Let x = 2 - 2. Suppose x = s*q + q - 54. List the prime factors of q.
2, 3
Let t(g) = -g - 2. Let u be t(-5). Suppose -y + u*y - 86 = 0. What are the prime factors of y?
43
Let z(l) = l**3 + 7*l**2 - l. Suppose -4*i = -5*t + 23, -2*t - 5*i + 5 = 3*t. Suppose -k = t*k + 28. List the prime factors of z(k).
7
Let a(f) = 9*f**3 + f**2 + 2*f + 1. Let j be a(-1). What are the prime factors of (-2)/j*3*6?
2
Suppose -251 - 405 = -4*l. What are the prime factors of l?
2, 41
Suppose -4*v + 2*v + 56 = 0. Suppose 4*j - 12 = -5*i + 23, 4*i = -5*j + v. Suppose -n = -0*n - i. What are the prime factors of n?
7
Let s(k) = -6*k. Let u be s(-3). Suppose 3*a - 4*q - u = -q, -16 = -2*a + 3*q. Suppose -4*n + 48 = 5*b, -a + 11 = b + n. What are the prime factors of b?
2, 3
List the prime factors of ((-3)/(-9) - 10/12)*-302.
151
Suppose -3*x = -2*x - 6. Suppose -5*a = -x*a. Let s(h) = -h**3 + 4. List the prime factors of s(a).
2
Let s(f) = -7*f - 1. Let n be s(-5). Suppose h + h - n = 0. List the prime factors of h.
17
Let f = 1 - -2. Let w be f/(-1) - -3*5. Let o = 24 - w. What are the prime factors of o?
2, 3
Suppose -11*r + 42 = -13*r. What are the prime factors of (-354)/r - 2/(-14)?
17
Let g = -23 + 34. What are the prime factors of g?
11
What are the prime factors of (-1)/(-4) + 10178/56?
2, 7, 13
Suppose 3*t - 1 = -5*f, -3*t - f = t - 24. Let b(j) = j**3 - 6*j**2 - 5*j. What are the prime factors of b(t)?
2, 7
Suppose 3 - 19 = 4*z. Let m be (-29)/(-3) - 8/12. List the prime factors of m + z/((-8)/6).
2, 3
Suppose 919 = 3*v + 5*f - 0*f, -2*v + 2*f + 618 = 0. List the prime factors of v.
2, 7, 11
Let w(r) = r**3 - 2*r**2 - 2*r - 1. Let p be w(3). Suppose -2 - 22 = -p*b. Suppose -5*q + b = -4*q. List the prime factors of q.
2, 3
Let u(l) = l**3 + 9*l**2 + 11*l + 15. List the prime factors of u(-6).
3, 19
Let u(x) = -x**2 + 5*x + 2. Let y be u(5). List the prime factors of y/6*(4 - -14).
2, 3
Suppose 0 = -3*v + 268 - 58. Let b = 102 - v. List the prime factors of b.
2
Let y be (-15)/(-5) - 2*4. Let s be y/2*(-20)/25. Suppose 2*m = 4, -s*w - 2*w + 50 = -m. List the prime factors of w.
13
Suppose -6*o - 14 = -7*o. What are the prime factors of o?
2, 7
List the prime factors of 4*4/8*79/2.
79
Suppose -7 = 2*n + 5. Let z = n - -9. Suppose -v = z*v - 40. What are the prime factors of v?
2, 5
Let z = 173 + -108. Let i = 5 + -1. Suppose 9*k = i*k + z. List the prime factors of k.
13
Let v = -9 + 37. List the prime factors of v.
2, 7
Suppose -c - 14 = c. Let m = -31 - -47. Let p = c + m. List the prime factors of p.
3
Let c = -5 - -1. Let g = c - -4. Let t(a) = -a**3 + a**2 + 9. What are the prime factors of t(g)?
3
Let p(s) = 6*s**2 + 13*s - 2. Let m(b) = 5*b**2 + 12*b - 1. Let z(j) = -5*m(j) + 4*p(j). Suppose 2*t - t = -6. List the prime factors of z(t).
3
Let a = -4 + 5. Suppose -21 = -5*h - a. Suppose l - 3*l = -4*g - 24, 0 = -g - h. List the prime factors of l.
2
Let m(d) = 50*d + 25. What are the prime factors of m(7)?
3, 5
Suppose k - j = 94, -5*j + 252 + 115 = 4*k. List the prime factors of k.
3, 31
Let w(u) = 3 + 2*u**2 - 4 - u**2. Let f be w(-2). Suppose 2*y - f = 1. What are the prime factors of y?
2
Let q = -7 - -23. List the prime factors of q.
2
Let h(g) = -57*g. Suppose 3 - 5 = 2*w. Let f be h(w). Suppose 